 Suppose 32 = -r*a + 218. Suppose -5*l - 20 = 0, 0 = -5*n + n + 3*l + 140. What is the remainder when a is divided by n?
29
Suppose -80*v = -68*v - 2892. Calculate the remainder when 712 is divided by v.
230
Suppose 25*z = 29*z - 20. What is the remainder when 142 - (-1)/z*0 - 0 is divided by 18?
16
Suppose -2*s + 296 - 38 = o, 2*s + 2 = 0. Suppose -19*k - o = -32*k. What is the remainder when 34 is divided by k?
14
Calculate the remainder when 2680 is divided by (2215/1)/(-5*3/(-7 - -1)).
22
Suppose 5*c = 4*d + 3242, 2*d + 210 + 1086 = 2*c. What is the remainder when c is divided by 35?
20
Suppose 20*a = 7366 + 10274. Suppose 29*k - a - 539 = 0. What is the remainder when k is divided by 25?
24
Let z(y) = 108*y**2 - 314*y - 1. Let d be 26/2 - (-3 + 1). Suppose -4*r + 65 = -n, d = -r + 2*r + n. Calculate the remainder when z(3) is divided by r.
13
Let y(k) = 5*k + 9. Let d be y(8). Suppose d = h - 2*w, -289 = -5*h + 2*w - 3*w. Calculate the remainder when h is divided by 10.
7
Let t = 746 + -649. Calculate the remainder when 418 is divided by t.
30
Suppose -1261 + 6049 = 36*g + 21*g. Calculate the remainder when g is divided by ((-9)/(-2))/(8/48).
3
Suppose 0 = 171*z + 125 - 45537 - 25553. What is the remainder when z is divided by 137?
4
Suppose -20*p + 22*p = 2016. Suppose -p = -19*x + 3*x. Suppose -41*r = -44*r + x. What is the remainder when r is divided by 11?
10
Let l(z) = z**3 - 3*z**2 - z - 1. Let k = 447952 + -447777. Calculate the remainder when k is divided by l(4).
10
Suppose 0 = -525*u + 104*u + 13472. Calculate the remainder when 3476 is divided by u.
20
Let q = -19694 + 19772. What is the remainder when 246 is divided by q?
12
Suppose -413*o + 1803141 = -410952. What is the remainder when o is divided by 34?
23
Suppose 9*j = 184*j + 3*j - 1958. Calculate the remainder when 85 is divided by j.
8
Let g(h) = 6*h**2 - 2*h. Let y be 7/((-28)/(-8))*1. Suppose -4*t + s + 312 = 0, t = -s + 65 + 8. Calculate the remainder when t is divided by g(y).
17
Let l be 2/(-4 + 248/60). Suppose 225 = l*z - 10*z + 5*k, 3*z - k = 115. Calculate the remainder when 124 is divided by z.
4
What is the remainder when ((-2)/(-3) - (-27 - -27))/(5/2430) is divided by 25?
24
Suppose -134*t + 35576 = -6366. Calculate the remainder when 1238 is divided by t.
299
Let f be ((-21)/14)/(1/(-2)). Suppose 4*o - 2*b - 16 = 0, 2*b - b = -f*o + 7. Calculate the remainder when 46 is divided by (-312)/(-8)*(2/o + 0).
20
Suppose -11190 = -21*r + 8550. Calculate the remainder when r is divided by 934.
6
Let m = -38 - -110. Suppose -65 = -2*q + w + 401, 5*q - 1162 = w. Let o = q - 217. What is the remainder when m is divided by o?
12
Suppose 3*p + 3*j + 5 = 137, -2*j = 5*p - 220. Calculate the remainder when p is divided by 17.
10
Suppose 0 = 5*u - b - 224, -u - 138 = -4*u - 3*b. Suppose 0 = 7*l + 5*l + 624. What is the remainder when 26/l - (-890)/4 is divided by u?
42
Calculate the remainder when 1331 is divided by (-3 - -13 - 8) + 662.
3
Let x = 12324 + -12285. Calculate the remainder when 438 is divided by x.
9
Let d(j) = 2*j**2 + 19*j + 30. Let k be d(30). Suppose 0*t = 30*t - k. Calculate the remainder when t is divided by 23.
11
Let l(f) = -148*f + 2260. What is the remainder when l(9) is divided by 105?
88
Let r(c) = -2*c**2 + 11*c + 24. Let p be r(-2). What is the remainder when 65/1*p/(-10) is divided by 10?
9
Suppose 0 = 4*f - 3*t - 0*t - 20, 5*f = -2*t + 25. Suppose -27*l - 882 = -33*l. Let k = l - 145. What is the remainder when f is divided by k?
1
Let l = -91 + 93. Let p be l/(-4 - 28/(-6)). Suppose -12 = -p*w - 3. What is the remainder when 7 is divided by w?
1
Let b be (-2)/6*15/10*-128. Let y = -47 + b. What is the remainder when y is divided by 8?
1
Let s(t) = t**3 + 9*t**2 - 40*t - 31. Calculate the remainder when 169 is divided by s(-12).
16
Suppose 0 = 4*z, 8*n - 6*n + z - 368 = 0. What is the remainder when n is divided by 175?
9
Let y = 534 - 529. Calculate the remainder when 68 is divided by y + (2 - (4 + (2 - 5))).
2
Let m(q) = -7*q + 516. Let n = 275 - 85. What is the remainder when n is divided by m(72)?
10
Let g = 12065 - 907. Calculate the remainder when g is divided by 180.
178
Let g(s) = -s**2 - 4*s + 42. Let w be g(-7). Suppose -1222 = -w*i + 206. Calculate the remainder when i is divided by 37.
31
Let j(i) = -i + 22 - 16 + 11. Suppose -4*x = -2*s + 20, 5*s - 3*x = -8*x + 35. What is the remainder when j(s) is divided by 3?
0
Suppose -3*d = -6*d + 9. Suppose -10 = -3*y - 4. Suppose -16 = y*b - 28. Calculate the remainder when b is divided by d.
0
Suppose -16*a - 2761 = -3081. Let t = 26 + -14. Calculate the remainder when a is divided by t.
8
Suppose 0 = 173*y - 90*y - 102*y + 2014. Calculate the remainder when 543 is divided by y.
13
Let n be 36/(-6) + 158/2. Let t = 99 + n. What is the remainder when t is divided by 29?
27
Suppose 0 = -2*l - 3*l + 1125. Let c(r) = 2*r + 40. Let m be c(-17). Suppose -d = -m*d + l. What is the remainder when 178 is divided by d?
43
Let o(d) = 60*d + 1317. What is the remainder when 15927 is divided by o(-19)?
174
Suppose -4*v = -5*c + 396, -495 = 6*v - v - 4*c. Let a = 112 + v. Suppose -7*f = -8*f + 51. Calculate the remainder when f is divided by a.
12
Let j be 1/(112/(-24) + 5). Suppose 4*r - 174 = -5*y + j*r, 3*r = 12. Calculate the remainder when y is divided by 13.
8
Let m(x) = x**3 + 23*x**2 + 78*x - 98. Let k = 5 + 7. Calculate the remainder when m(-18) is divided by k.
10
Let p = -144 + 130. Let n(q) = -q**2 - 14*q + 5. Suppose 3*z - 97 - 29 = 0. Calculate the remainder when z is divided by n(p).
2
Let i be (-2)/14 + 5028/14. Suppose 4*l = -0*a - 3*a + i, 0 = 3*a - 3. What is the remainder when l is divided by -2 + 6 - 410/(-10)?
44
Suppose 3*n + 11*u - 7*u - 228 = 0, -4*n + 6*u = -304. Calculate the remainder when n is divided by 72.
4
Suppose -f = h + h + 4, 20 = 3*f - 2*h. Suppose 0 = -f*n + 4*c + 148, -5*n = -3*c - 119 - 70. Calculate the remainder when n is divided by 27.
12
Suppose -60 = -3*b - 2*b. Let t = 9 + b. Suppose 12 = -4*a - 0*a, 168 = 4*f - 4*a. What is the remainder when f is divided by t?
18
Let m = -33 - -110. Suppose -3*o + 78 = -p - 4*p, -82 = -4*o + 3*p. What is the remainder when m is divided by o?
13
What is the remainder when 151 is divided by -20 + 12 + (-98)/4*12/(-7)?
15
Let l = 47 + -42. Suppose 17*g - 6*g - 880 = 0. Suppose -5*i = -5*n - g, -5*n - 7 = l*i - 107. What is the remainder when i is divided by 14?
4
Calculate the remainder when -19 + 32 - -2*46 is divided by 5.
0
Suppose -108*u - 121 = -w - 105*u, -u + 207 = 2*w. What is the remainder when 203 is divided by w?
97
Suppose -3*t = -4*l - 2020, 2195 = -3*l + 5*t + 691. Let b = -494 - l. Calculate the remainder when 46 is divided by b.
4
Suppose 3*v + 107 - 10 = 4*r, -r + 5*v + 37 = 0. Calculate the remainder when 37 is divided by ((-26)/6)/(r/(-132)).
11
Let z(l) = -135*l + 10. Let s be z(-1). Calculate the remainder when -5*(-9)/(-90)*(-1 - s) is divided by 24.
1
Let r = -84 + 146. What is the remainder when (-4)/(-4 + (-354)/(-89)) is divided by r?
54
Calculate the remainder when (-15012)/(-264) - 54/(-396) is divided by (-1)/((-1)/11) + 1.
9
Let k(y) be the third derivative of y**4/8 - y**3/6 + 2*y**2 + 264*y. Suppose h = a, -2*h + 2 = -3*a + 4. Calculate the remainder when 23 is divided by k(h).
3
Let m be 1 + -2 + (1 - 1). Let d(j) = 88*j**2 + 1. Suppose -12837 + 13178 = 11*s. Calculate the remainder when d(m) is divided by s.
27
Let u = -597 - -604. Suppose -r = -2*m - 132, -9*r + 5*m = -u*r - 264. Suppose -5*k = -0*k - 135. What is the remainder when r is divided by k?
24
Calculate the remainder when (-31)/(2604/36) - 2330/(-14) is divided by 40.
6
Let i(y) = 3*y**2 + 3*y + 6. Let k be 1 + 3 + 9/(54/(-330)). Let f = k - -62. Calculate the remainder when i(-4) is divided by f.
9
Suppose -5*m = 5*c + 180, 13*m + 9 = 16*m. Let v = 24 - c. Calculate the remainder when v is divided by 4.
3
Suppose -4*s = -4*z - 172, -3*s - 79 + 205 = -4*z. What is the remainder when 611 is divided by s?
13
Suppose 2*x + 26 + 56 = 4*l, -l + 88 = -2*x. Let m = 1853 + -1912. Let v = x - m. What is the remainder when 111 is divided by v?
13
Calculate the remainder when 15/70 + 46621/322 is divided by 48.
1
Let a = -411 + 473. 